3) - (-360)/44.
2
Let r(i) be the third derivative of i**4/24 - i**3/3 + i**2. Let v be r(6). Suppose -2*g + v = -12. List the prime factors of g.
2
Suppose -u + 3 + 0 = 0. Suppose 8 = u*o + 4*t - 1, o = -t + 3. Suppose -j + o*j = 10. What are the prime factors of j?
5
Let p = 183 + -17. What are the prime factors of p?
2, 83
Let b(c) = -c**3 + 4*c**2 + c - 4. Let d be b(4). Suppose d = -5*n + 2*n + 39. What are the prime factors of n?
13
Suppose 4*k - 84 = k. Let n = 48 - k. What are the prime factors of n?
2, 5
Suppose 34 = 4*d - 142. Suppose 4*p = 3*b - 0*b + d, 3*b + 2 = p. Suppose -4*z - 2 = -4*u + p, 0 = 4*z + 4. What are the prime factors of u?
3
Suppose x - 4 + 1 = 0. Suppose 0 = g - 2*g + x. Suppose g*v = 28 - 7. What are the prime factors of v?
7
Let p(t) be the third derivative of t**6/120 - t**4/8 - 5*t**2. List the prime factors of p(3).
2, 3
Let t = 212 - 47. What are the prime factors of t?
3, 5, 11
Let x(f) = f - 2. Let s be x(-8). Let b = s - -37. Suppose b + 18 = 5*t. List the prime factors of t.
3
Let x be 1/(-4) - (-175)/28. Suppose -j = -3*j + x. Suppose -19 = -j*l - 4. What are the prime factors of l?
5
Let j be -3 - 7*(1 - 2). Suppose -3*h + j*h = 45. List the prime factors of h.
3, 5
What are the prime factors of 38 + 3 + 0 + -4?
37
Let h(p) = 2*p - 3. Let t be h(3). Let o be 12*1 - (t + -1). Let m = 17 - o. What are the prime factors of m?
7
Let n(s) = s**2 - s + 62. What are the prime factors of n(0)?
2, 31
Let t be 8/5 - (-10)/25. Let b be 2/((-12)/(-45))*t. Let h = b + -8. What are the prime factors of h?
7
Suppose 5 - 15 = -2*r. Suppose 0 = 3*i + 15, 0*s - 10 = -r*s + 2*i. Let q(v) = -v**2 + v + 9. List the prime factors of q(s).
3
Let w = -149 + 261. List the prime factors of w.
2, 7
Let r = -58 - -110. What are the prime factors of r?
2, 13
Suppose -6*r = -9*r + 84. What are the prime factors of r?
2, 7
Let p(v) = -v**3 + v**2 - 1. Let z(i) = 7*i**3 - 12*i**2 - 2*i + 15. Let s(r) = -6*p(r) - z(r). List the prime factors of s(6).
3
Suppose 0 = -2*v + v. Suppose v*q - 75 = -5*q. What are the prime factors of q?
3, 5
Suppose -4*z - 2*i = -i - 7, 0 = 3*z - i - 14. Suppose z*q - 51 = -0*q. List the prime factors of q.
17
Let f = -5 - -5. Let b(t) = -5*t + f*t**2 + t**2 + 4 - 2. List the prime factors of b(6).
2
Let b(u) = 2*u**2 + 37*u + 6. What are the prime factors of b(-20)?
2, 3, 11
Let r = 9 + -4. What are the prime factors of (r - -26)/(-1 + 2)?
31
Suppose -2*g = 3*f - 255, 5*f + 7*g - 424 = 4*g. List the prime factors of f.
83
Suppose 4 - 15 = -j. Let v = j - 5. What are the prime factors of v?
2, 3
Let o(b) = -4*b - 8. Let r be o(-6). Let p = 26 - r. What are the prime factors of p?
2, 5
What are the prime factors of ((-6)/10)/(2/(-70))?
3, 7
Suppose 3*l + 87 = 5*t - 35, 5*t + l - 106 = 0. List the prime factors of t.
2, 11
List the prime factors of (-551)/(-3) + 40/(-60).
3, 61
Let j = -267 - -486. List the prime factors of j.
3, 73
Let y = 33 + -2. Let k = y - 15. List the prime factors of k.
2
Let f be (12/(-8))/(6/(-160)). Suppose w + w = f. What are the prime factors of w?
2, 5
Let p(i) be the second derivative of -i**4/12 + i**3 + i**2 + 4*i. List the prime factors of p(6).
2
Let l = 60 + -42. Suppose 0 = 2*b - 2*x - l, 4*b + 5*x = b + 51. List the prime factors of b.
2, 3
Let b = -16 + 25. Suppose 2*o + o - 5*a - b = 0, -4*o + 12 = -a. List the prime factors of o.
3
Suppose 49 + 65 = 3*s. Let m = s + -17. List the prime factors of m.
3, 7
Let b = 65 + -46. List the prime factors of b.
19
Let x be 2*2 - (-6)/(-3). Suppose 6*w - x*w = 60. List the prime factors of w.
3, 5
Suppose -5*q = -61 - 414. What are the prime factors of q?
5, 19
Let x(d) = 9*d + 4. List the prime factors of x(5).
7
Let b = -49 - -72. Suppose 5*o = -2*c + b + 2, -o + c = 2. Suppose 5*g - 43 = -o. List the prime factors of g.
2
Suppose -4*p + 1 = -39. Let l(f) = 11*f**2 + 1. Let m be l(2). Suppose -m = -0*g - 4*g + 5*u, -3*g + p = u. List the prime factors of g.
5
Let x = 100 - 17. What are the prime factors of x?
83
Let q(m) = 2*m - 8. Let o(b) = 3*b - 7. Let c(y) = -4*o(y) + 3*q(y). What are the prime factors of c(-3)?
2, 11
What are the prime factors of (-34*3/18)/(3/(-36))?
2, 17
Let u(r) = -8*r**3 - 5*r**2 - 3*r - 2. List the prime factors of u(-3).
2, 89
Let y = 329 - 160. List the prime factors of y.
13
Let f = 3 + -3. Suppose f*i - 4*i + 20 = 0. List the prime factors of i.
5
Let z(a) = -a**2 + 17*a - 22. Let l = 13 - 4. List the prime factors of z(l).
2, 5
Suppose 22 = 2*k - 14. Let z = k - 33. What are the prime factors of (-4)/(-3)*z/(-2)?
2, 5
Let t(l) = -4*l - 1. Let h be t(-2). Suppose 0 = -4*s - 4, f + 3*s + h = 2*f. Suppose -2*i - 2 = f*y - 8, i + y = 4. List the prime factors of i.
5
Let r be 7*(2/(-7) - -2). Suppose r*y = 11*y + 57. What are the prime factors of y?
3, 19
Let b be (-4)/(-12) - (-20)/(-6). Let a(y) = y**2 + 3*y + 2. List the prime factors of a(b).
2
Let m = 91 - 31. List the prime factors of m.
2, 3, 5
Suppose -6*t = -5*t + 7. Let v = -2 - t. Suppose v*h - 49 - 6 = 0. What are the prime factors of h?
11
Let h be 2*(-15)/(12/(-4)). Suppose -h = -5*t + 3*t. List the prime factors of t.
5
Let w = 87 + -49. List the prime factors of w.
2, 19
Suppose 4*n = -5*a + 495, 0 = -a + n - 2*n + 100. List the prime factors of a.
5, 19
Let a be -1 - (-2 - (-2)/(-1)). Suppose -3*c + a*k = 8*k - 167, 0 = -c - 3*k + 57. List the prime factors of c.
2, 3
Let f(w) = 21*w**2 - w. Let d be f(1). Suppose 8*o - 7*o = d. What are the prime factors of o?
2, 5
Suppose -4*t = -2*f + 60, -t + 0 - 1 = 0. Suppose f = -b + 3*b. List the prime factors of b.
2, 7
Let v = -23 + 32. List the prime factors of v + (-1*2 - 0).
7
Suppose -2*l + 178 - 44 = 0. Suppose -4*b + 2*w = -130, -2*b - 5*w = -l - 28. Let o = 51 - b. What are the prime factors of o?
2
Suppose 6*s - 6 = 3*s. Let u(d) = 6*d**2 - 3*d. Let h be u(s). Suppose -2*n + 4*n = 2*f - h, -37 = -3*f + 5*n. List the prime factors of f.
2
Suppose t - 3*a - 8 = 2, 4*t + 3*a = 40. Let v be 158/3 - 24/(-18). What are the prime factors of v/15*t/3?
2, 3
Let z = 63 + -36. Let u be ((-8)/(-5))/((-2)/(-10)). What are the prime factors of z/6*u/3?
2, 3
Let j be -7*(0 - -2 - 13). Let v = j + -44. Suppose -4*d + d = -v. List the prime factors of d.
11
Let v be 8*((-315)/12)/(-7). Suppose -k - k + v = 0. List the prime factors of k.
3, 5
Suppose 0 = 5*w + 2 - 27. Suppose 4*t + w*b - 57 = 2*t, 4*t - 89 = -5*b. List the prime factors of t.
2
Let h be (1/(-2))/((-4)/8). Let w(p) = 7*p - 6. Let v(j) = -104*j + 91. Let c(d) = 6*v(d) + 91*w(d). List the prime factors of c(h).
13
List the prime factors of 1/5 - 51816/(-170).
5, 61
Suppose -3*i + i = -6. List the prime factors of i.
3
Let f(n) = 7*n + 1. Let o(g) = g. Let w(j) = -f(j) + 5*o(j). List the prime factors of w(-6).
11
Let o = -22 - -74. Suppose -f = 4*z - 28, o = 3*f - 4*z - 16. List the prime factors of f.
2, 3
Suppose f - 30 = -2*f. Let h = 2 + f. What are the prime factors of h?
2, 3
Let a(z) = z + 14. Let f be a(-9). Suppose 2*b - 3*c - 23 = 0, -3*c - 10 = -4*b + 33. Suppose p + f*n + 2 = -0*n, -n = -3*p + b. List the prime factors of p.
3
Suppose d + 7 - 25 = 0. List the prime factors of d.
2, 3
Let q be 6*(-1 - (-1)/2). Let o be -2 + (-81)/q + 0. Suppose o = m + 4*m. What are the prime factors of m?
5
Let f(c) = c**2 + 5*c + 22. List the prime factors of f(-10).
2, 3
Let f(y) = -y**2 - 17*y - 5. Let j = -24 - -12. Let s be f(j). Suppose 0 = -10*r + 5*r + s. List the prime factors of r.
11
Let q(a) = 4*a - 2. Let k = 11 + -7. Let f be q(k). What are the prime factors of (-2)/7 + 46/f?
3
Let q(i) = -6*i. Let l be q(-1). Suppose -5*x = -l - 19. Suppose -8 = -j + o, o + o = x*j - 34. What are the prime factors of j?
2, 3
Let i = 3 - 3. Suppose 7 = -3*h + 16. Let l = h - i. What are the prime factors of l?
3
Suppose 2*q - 35 = -5*g, -3*g + 2*g = 3*q - 72. What are the prime factors of q?
5
Suppose 0 = 154*m - 157*m + 360. List the prime factors of m.
2, 3, 5
What are the prime factors of 122 - 23 - (0 + -1)*-3?
2, 3
Let p be (-1185)/(-7) + (-12)/42. Suppose 5*u - f + 4*f = 159, -5*u + p = -2*f. What are the prime factors of u?
3, 11
Suppose 4*s + 1 = -19, s = m - 13. Suppose -m = -2*n, o - 28 = -3*o - 5*n. What are the prime factors o